 + 64*l. What is the greatest common divisor of 4 and l?
4
Suppose 0 = -4*t + 2*o + 4 - 16, -4*o - 2 = 5*t. Let w be 32 + -13 + 2*t. Calculate the greatest common divisor of w and 6.
3
Suppose -h + 3*k + 24 = -0*k, 3*h - 42 = 3*k. Let n be 1*-1*(-5 + h + -10). Calculate the greatest common factor of 30 and n.
6
Let y = 619 + -608. Let w = -14 - -20. Let i be (-2)/(-3)*1089/w. Calculate the greatest common divisor of i and y.
11
Let f = 84 - 42. Let z = 84 - f. Suppose 2*p + 2*b - 4*b - z = 0, b = -p + 17. What is the highest common divisor of p and 133?
19
Let p be (-13)/4 + 4/(-32)*6. Let u(i) = -18*i - 24. Let o be u(p). Calculate the greatest common divisor of 32 and o.
16
Let k be 128/(-9) - 18/(-81). Let s be 100/26 - k/91. What is the greatest common divisor of s and 28?
4
Suppose -6*y + 8*y - 10 = 0. Suppose -y*c = 2*u - 57, 2*c - 3*u - 21 = -2. Let r be (0/1 - -77) + 0. Calculate the highest common divisor of c and r.
11
Suppose -5*j + 5 = -5. Let o(s) = s**2 - 1. Let k be o(j). Let g be 33 - -1*6/k. Calculate the greatest common factor of g and 7.
7
Suppose -3*l - 4 = -x - 0, -2*x + 48 = 2*l. Calculate the highest common divisor of x and 171.
19
Suppose 28 = -155*u + 156*u. Calculate the greatest common factor of u and 4.
4
Suppose -2*g - 301 = -807. Suppose 11*y - g - 11 = 0. Calculate the greatest common divisor of y and 8.
8
Suppose -771*a + 1925 = -760*a. What is the highest common divisor of a and 125?
25
Suppose 34 = -7*u + 41. Let y = 6 + -5. What is the greatest common divisor of y and u?
1
Let m = -141 + 174. Suppose 2*c = c + 8. Suppose c*y + m = 11*y. Calculate the highest common factor of 77 and y.
11
Suppose 16*h - 17*h - 4 = 0. Let s = h - -49. Let j be (18/(-4))/(-1)*2. Calculate the greatest common divisor of s and j.
9
Let x(m) = -4*m + 13. Let t be x(3). Let d be (9 - t)*-18*7/(-56). Calculate the highest common divisor of d and 30.
6
Suppose 0 = 9*g - 382 - 212. What is the highest common divisor of 36 and g?
6
Suppose 0 = -d + 5*d - 2496. Suppose -u = -2*u + y + 149, 4*u + 3*y - d = 0. What is the highest common divisor of 17 and u?
17
Suppose -3*r - 3*k + 30 = 0, -k - 3*k - 86 = -5*r. Suppose 13*z = -8 + 34. Calculate the highest common divisor of z and r.
2
Suppose 1442*q - 1434*q - 376 = 0. Calculate the highest common divisor of 752 and q.
47
Let o = -16215 - -16225. Suppose -4 - 1 = -l. Suppose 3*d - 6*d + 6 = 0, -l*d - 10 = -5*u. What is the highest common factor of o and u?
2
Let v(l) = -l**2 + 5*l + 1. Let p be -1 - (-1)/((-4)/(-20)). Let a be v(p). What is the highest common divisor of a and 1?
1
Suppose 7*g + 2*g - 54 = 0. Calculate the highest common divisor of 27 and g.
3
Let d be (78/9)/2 + 20/30. What is the highest common divisor of d and 65?
5
Let u = -79 - -83. Suppose 4*k + t = -t + 160, -4*k + u*t + 160 = 0. Calculate the highest common divisor of 5 and k.
5
Let o be ((-6)/(-27))/((-9)/(-81)). Suppose 4*a - 1070 = -2*z - 362, -o*a + z + 350 = 0. Let b = -2 - -18. Calculate the highest common divisor of a and b.
16
Let y(d) be the third derivative of d**6/120 + d**5/10 + d**4/24 + 4*d**3/3 - 23*d**2. Let t be y(-4). What is the greatest common divisor of 4 and t?
4
Let q(g) = 136*g**2 - 1. Let c be q(-1). Let x be (-18)/30*50/(-2). Calculate the highest common factor of x and c.
15
Let o be 6*((-120)/100)/(3/(-40)). Calculate the highest common factor of 432 and o.
48
Suppose 10*b - 336 = 64. Let q = -3 + 1. Let i = q + 12. What is the greatest common divisor of b and i?
10
Let t be 853/((-4)/(-1*4)). Suppose -t = -4*y - 237. Suppose -2*w = -7 - 37. Calculate the greatest common divisor of w and y.
22
Let p(m) = 2*m**3 - 2*m**2 + m + 1. Let v be p(2). Let w be 0/(0 - -4) + -3 - -47. Calculate the greatest common divisor of v and w.
11
Suppose -11 - 19 = -5*u. Suppose 0 = -3*c + 4*c - u. Suppose -2*f = -5*h - 19, 3*f + 4*h = c*h + 45. What is the highest common factor of f and 153?
17
Suppose 4*k = -2*k + 360. Calculate the highest common divisor of k and 200.
20
Suppose -10 - 22 = -2*b. Let k be ((-16)/(-5) + -3)*15 - -125. Calculate the greatest common divisor of k and b.
16
Let q(i) = 30*i - 49. Let z be q(22). Calculate the greatest common factor of z and 39.
13
Let x(j) be the first derivative of -115*j**4/4 - j**3 - 2*j**2 - 2*j - 13. Let f be x(-1). Calculate the highest common factor of f and 19.
19
Let i(b) = 4*b**2 - 10*b - 28. Let n be i(14). What is the greatest common divisor of n and 88?
88
Let h(c) = c**3 - 7*c**2 + 9*c - 4. Let t be h(6). Let r be (-6)/t + (-1068)/(-42). Let m = -8 - -208. Calculate the highest common divisor of r and m.
25
Let g be 5 - -4*(-6)/8. Suppose g = 2*p - 8. Suppose 0 = 5*v - 4*m - 50 - 88, p*v - 2*m = 144. Calculate the highest common factor of 10 and v.
10
Let u = 173 - 163. Calculate the greatest common divisor of u and 30.
10
Suppose -5*a = -5, -3*n - 110*a = -105*a - 1397. What is the greatest common divisor of 32 and n?
16
Let y = 42 - -48. Let d = 10 - 8. Suppose -56 = -d*n - 3*n + 2*z, 4*z = 5*n - 62. Calculate the greatest common factor of n and y.
10
Suppose -45 = -3*f + 45. Calculate the highest common divisor of 6 and f.
6
Suppose 3*t - 6 = 6. Suppose -10 = -t*v - v. Let k(l) = l**2 - 2*l + 16. Let f be k(0). What is the highest common factor of f and v?
2
Let h(u) = 3*u**2 - 4*u + 1. Let l be h(-4). Let a = 402 - 389. Calculate the greatest common factor of l and a.
13
Let u be (1 - -2)*6/18. Let b be 28/6*(-3)/(-2). Calculate the greatest common divisor of b and u.
1
Let u be 8/2 - 5 - -430. Suppose 4*a - a = u. Calculate the highest common factor of a and 13.
13
Suppose -4*y + 0*y = -28. Let j = 15 - 15. Suppose -4*c + 109 + 143 = j. Calculate the greatest common divisor of c and y.
7
Let h be -4 - (0 + -7 + -1). Suppose 5*n - h = 3*n. What is the highest common factor of 22 and n?
2
Suppose 0 = -4*k + 2*q + 44, k - 3*q - 36 = -2*k. What is the greatest common factor of k and 15?
5
Let u = 50 - -126. Suppose -28 = -z - 4*w, 0 = 4*w + 3 - 15. What is the highest common factor of z and u?
16
Suppose 2*z + 52 = 4*z. Suppose j - 14 = 3*j - 4*u, -2*u = -4*j + 2. Suppose 5*g - 416 = j*g. Calculate the greatest common factor of g and z.
26
Let s(z) = -z - 4. Let p be s(-11). Suppose 0 = 2*k - 5*j - 2 + p, j = 5. Calculate the greatest common divisor of 40 and k.
10
Let u(m) = -2*m**3 + 22*m**2 - 21*m + 26. Let b be u(10). What is the highest common divisor of b and 44?
4
Let i be (-4*1/4)/((-1)/29). Suppose -5*j - f = -142, -5*j + 160 = 2*f - 7*f. Calculate the highest common divisor of j and i.
29
Let i be 10/(-30) - (-1884)/9. Calculate the greatest common divisor of i and 22.
11
Let y = -3777 - -5452. What is the highest common divisor of 25 and y?
25
Suppose 32 = -h + 148. Let q = -66 + h. Calculate the greatest common factor of 20 and q.
10
Let b(o) = -4*o + 12. Let j be b(2). What is the greatest common divisor of 64 and j?
4
Suppose -1169*l - 290 = -1179*l. Calculate the highest common divisor of 725 and l.
29
Let h(v) = 23*v - 1. Let j be h(3). Suppose -4*b = -356 + j. Let y = -22 + b. Calculate the greatest common factor of 125 and y.
25
Let n be 135 + 10/40*(1 + 11). What is the highest common divisor of 92 and n?
46
Suppose -9*a = -34*a + 9875. What is the highest common factor of 158 and a?
79
Suppose -2*z = 4*z. Suppose -2*k + 27 = -5*r, 3*k - 2*r - 46 = -z*k. Suppose -5*u = -10 - 0. What is the greatest common divisor of u and k?
2
Let s(x) = -3*x + 2. Let d be s(4). Let i be 10*((-24)/d + -2). Let z be 64/5*(-4 + 39/6). What is the highest common divisor of i and z?
4
Let o(n) = 27*n**2 + 8*n - 8. Let j be o(1). Suppose k = -4*f + 111, 3*f + k = -0*k + 84. What is the highest common factor of f and j?
27
Let l(i) = i**3 + 8*i**2 - i - 6. Let h be l(3). What is the highest common factor of 45 and h?
45
Let z(d) = -d**3 - 4*d**2 + 5*d + 16. Let w be z(-5). Calculate the highest common factor of 28 and w.
4
Suppose 73*a - 84*a = -825. What is the highest common factor of 575 and a?
25
Let c = -34 + 34. Let q(k) = k**3 - k**2 - 2*k + 13. Let j be q(c). Calculate the greatest common factor of j and 26.
13
Let n be (-6)/(-30) - 18/(-10). Suppose n*x + 2*x = -o + 16, 3*o - 3 = 3*x. Suppose -3*c = -5 - 43. What is the highest common fac